e -2*w + 4*y + 38 = q, -5*w - 3*y + 26 = -30. What are the prime factors of a(w)?
2, 3
Suppose 59542 = 2*h - 3*m, 0 = -h + 9*m - 6*m + 29783. List the prime factors of h.
29759
Let l = -7 + 28. Let h be 70/l*(-75)/(-2). Suppose 4*b = u + h, 0*u = 4*b + 2*u - 134. List the prime factors of b.
2
Let s(o) = 6510*o - 2223. What are the prime factors of s(4)?
3, 17, 467
Let b be (4/(-6))/((-60)/270). Suppose 0 = -8*u + 3*u - b*p + 1818, -4*p - 1480 = -4*u. What are the prime factors of u?
2, 3, 61
Suppose 9 = 3*t, -i - 5*t = 3*i - 27. Suppose 0 = i*p - 8 + 2, -2*j + 3*p = -58. Suppose -o = -103 - j. List the prime factors of o.
3, 5
Let x be 31/186 + (-7378)/(-12). Let y = x + -361. List the prime factors of y.
2, 127
Suppose -116*t = 37*t - 2127618. List the prime factors of t.
2, 17, 409
Let r = 368 - 342. Suppose -14*n + r*n - 13032 = 0. What are the prime factors of n?
2, 3, 181
Suppose -5*l - 4*c + 13 = -51, 3*l = -4*c + 40. What are the prime factors of 42/l*(-348)/(-7)?
2, 3, 29
List the prime factors of ((-99933)/(-9))/((-13)/65 - 8/(-15)).
33311
Let s(l) be the second derivative of -l**4/4 - 25*l**3/6 - 8*l**2 + 2*l - 3. What are the prime factors of s(-5)?
2, 17
Let v = 3078 + 780. List the prime factors of (-1)/6 + (-1 - v/(-36)).
2, 53
Let a be (-469)/67 - (1 - 10). Let s(o) = 134*o**3 + 4*o**2 - 8*o + 4. What are the prime factors of s(a)?
2, 269
Let z(c) = -203*c + 119. Let w = 165 + -167. What are the prime factors of z(w)?
3, 5, 7
Let y = 37 - 32. Suppose y*n - l + 5 = 0, n - 2*l + 10 = -2*n. Suppose 0*o + 4*o - 420 = n. What are the prime factors of o?
3, 5, 7
Suppose v + 35*u - 33*u - 4694 = 0, 0 = -2*u. What are the prime factors of v?
2, 2347
Let r(i) = 319*i + 688. What are the prime factors of r(83)?
3, 5, 1811
Suppose -5*w - 592 = -x + 1048, -3*x + 1650 = -5*w. Let j = w - -460. Let c = j - 41. What are the prime factors of c?
2, 23
Let o be 1235/(-78) + 16 - (-2062)/12. Let f = -79 + 166. Let v = o - f. What are the prime factors of v?
5, 17
Let u = -2905 + 4107. Let o = u - 843. List the prime factors of o.
359
Suppose y = 5*r + 28517, y + 6*r - 10*r - 28513 = 0. List the prime factors of y.
3, 7, 23, 59
List the prime factors of 6484/((-3)/2*(-140)/210).
2, 1621
Suppose 0 = -0*a + 5*a - 2*w - 2810, -4*a + w = -2245. Suppose 11*r = -a + 18765. What are the prime factors of r?
5, 331
Let p = -115827 - -177893. What are the prime factors of p?
2, 31033
What are the prime factors of (-37)/1443*3 - (-400740)/26?
15413
Let o be ((-304)/(-12))/((-7)/(-147)). Suppose o = -8*j + 2164. What are the prime factors of j?
2, 3, 17
Let q = -39384 + 82353. What are the prime factors of q?
3, 14323
Let j(m) = 20*m**2 + 44*m + 27. List the prime factors of j(31).
20611
Suppose 0 = 5*j - 8*j. Suppose -r + 0*s + 7 = s, j = -3*r + 4*s + 7. Let b(w) = 22*w - 5. List the prime factors of b(r).
3, 5, 7
Let b(m) = -1418*m**2 + 1430*m**2 - 11*m - 1 - 14. List the prime factors of b(-3).
2, 3, 7
List the prime factors of 2176/(-136)*(-3752 - 3).
2, 5, 751
Let l(n) = -15239*n + 1123. List the prime factors of l(-3).
2, 5, 1171
Let o(y) = -y + 18. Let j be o(16). Let x be (((-4)/(-2*j))/1)/(-1). List the prime factors of 415*x*8/(-20).
2, 83
Suppose -2*g - 146 = -3*q, 2*g + 4*q + 177 = 31. Let h = -76 - g. Let v(l) = -3*l**3 - 6*l**2 - 8*l. List the prime factors of v(h).
3, 17
Suppose -5*v = 0, 2*n + 0*n = 3*v + 174. Let z = n + 124. Suppose 4*u - z - 165 = 0. What are the prime factors of u?
2, 47
Let h = 478 + -452. List the prime factors of 351/h*(-2)/(-1*1).
3
Let s be 4 + (-2)/6*0. Let t = 149 - 147. Suppose -3*f + 4*f = t*p - 27, -s*p + 44 = -4*f. List the prime factors of p.
2
Let x = 10228 - -32357. What are the prime factors of x?
3, 5, 17, 167
Let v(s) = -s**3 + 15*s**2 - 13*s - 28. Let h be v(14). Let m(o) = -o**3 - 11*o**2 + 29*o - 22. What are the prime factors of m(h)?
2, 5
Let j(t) = -2*t**2 + 7*t + 5. Let g be j(4). Let a be 196 - ((-2 - -1) + g). Let u = a - 4. What are the prime factors of u?
2, 3
Let g = 39627 - 17545. What are the prime factors of g?
2, 61, 181
Suppose 5*d = 3*y + 134702, -67*d - 53840 = -69*d - 9*y. What are the prime factors of d?
2, 13469
Let h be (28/(-8))/((-2)/(-12)). Let f(g) = g**2 + 3*g + 4. Let c be f(-3). What are the prime factors of 5*c*h/(-14)?
2, 3, 5
Let g = -56 + 53. List the prime factors of ((-7)/g)/(2/216).
2, 3, 7
Suppose 22*n = 45 + 65. Suppose 12*g = -4*p + 11*g + 2759, -n*p + 3470 = -3*g. What are the prime factors of p?
691
Suppose -9351 = -2*u - l, -18*u + 4*l = -15*u - 14043. List the prime factors of u.
3, 1559
Suppose 0 = 102*o - 103*o + 223. Suppose 0 = n - 91 - o. List the prime factors of n.
2, 157
Let v = -372 + -91. Let n = v + 864. List the prime factors of n.
401
Let o(m) = 183*m**2 + 23*m + 43 + 185*m**2 - 369*m**2. Let f be o(23). Suppose f*q - 138 = 41*q. What are the prime factors of q?
3, 23
Let x(f) = -f**3 + 53*f**2 - 80*f + 263. What are the prime factors of x(45)?
19, 677
Suppose -z + 3 = -2. Suppose -z*c - 3*b + 4263 = 0, -5*c - 5*b = -2*c - 2561. What are the prime factors of (4 + (-13)/3)/((-2)/c)?
2, 71
Let a be 140/15*1*(-36)/(-8). What are the prime factors of a/24*4 - -324?
331
Suppose -y - 6375 = -16*y. Suppose y + 305 = -p. List the prime factors of ((18/15)/(-2))/(2/p).
3, 73
Let f(c) = 8*c**2 + 100*c - 774. List the prime factors of f(66).
2, 3, 6779
Suppose 0 = -5*q + 3*z + 2145, -5*z = -q - 3*z + 422. Let m = 801 + q. List the prime factors of m.
3, 137
Let o be ((-9)/12)/((-63)/(-84)). List the prime factors of o/(-21)*-2 + 56712/126.
2, 3, 5
Suppose -2*i = 2*i - y - 20, -5*y + 15 = 3*i. Suppose 2*n - n - 6 = -2*c, -16 = -3*n - i*c. Let u(a) = 37*a**2 + 3*a - 1. List the prime factors of u(n).
3, 17
Suppose 54*h + 453474 = 180*h. List the prime factors of h.
59, 61
Let x = 15483 - 7014. List the prime factors of x.
3, 941
Suppose p = -4, p = -5*r + 5*p + 71. Suppose 0 = 1555*d - 1549*d - 792. Let s = d - r. What are the prime factors of s?
11
Suppose -76 = -10*f - 6. Suppose f*j - 12*j + 5955 = 0. List the prime factors of j.
3, 397
Let w(h) = -h**2 + 24*h - 53. Let b be w(22). What are the prime factors of 3*(-21)/b*75?
3, 5, 7
Suppose 0 = -7*h - 4*j + 170369, -19*j + 18*j - 48664 = -2*h. List the prime factors of h.
5, 31, 157
Let s(h) be the second derivative of h**4/12 - 8*h**3/3 + 8*h**2 - 33*h. Let a be s(12). Let w = 39 + a. List the prime factors of w.
7
Let k(u) = -6*u - 11. Let w(z) = -7*z - 11. Let j(c) = 3*k(c) - 4*w(c). Let d(f) = 11*f + 11. Let y(b) = -4*d(b) + 3*j(b). List the prime factors of y(-12).
157
Suppose -s - 3*x = -18, 0*s - 3*x = -s - 6. Suppose 5*u - 25 = 0, s + 0 = 2*j + 4*u. List the prime factors of ((-54)/21 - -2)*j.
2
Let x(p) = -2*p**2 - p + 2. Suppose i + 8 = -r - i, 16 = -4*i. Let d be x(r). Suppose 0*q - 5*s + 215 = 5*q, -d*q = -s - 101. What are the prime factors of q?
2, 3
Let a(u) = -723*u - 2912. What are the prime factors of a(-32)?
2, 79
Suppose -3*y - 26 = 2*s + 14, 40 = -2*s + 5*y. Let j = 5 + -4. What are the prime factors of (0 + j)*19*(s + 21)?
19
Let x = -73 + -1523. List the prime factors of 1 + x/(-3) + -6.
17, 31
Let t = 9249 + -3667. What are the prime factors of t?
2, 2791
Let b be (1/(8/(-6)))/(3/(-12)). Suppose -5*l + s = -l + 2, 7 = b*l - 5*s. Let x(w) = -58*w**3 - 2*w**2 - 2*w. What are the prime factors of x(l)?
2, 29
Let b(c) = 11*c**2 - 45*c - 185. What are the prime factors of b(-12)?
7, 277
List the prime factors of (-1764)/(-7 + 4)*(-5)/(-3).
2, 5, 7
Let w(f) be the third derivative of -20*f**4/3 - 40*f**3/3 + 3*f**2 - 19. List the prime factors of w(-6).
2, 5, 11
Let h = -32 + 36. Suppose y - w = -6*w + 5, 5*w + 20 = h*y. List the prime factors of (-2)/(4/(-9))*(y - -9).
3, 7
Let h(s) be the first derivative of -s**2/2 - 29*s - 7. Let z be h(-23). List the prime factors of (-20)/(-30) - (-6)/(-27)*z.
2
Let j(p) = 5483*p - 2943. What are the prime factors of j(3)?
2, 3, 2251
Let d = -29 - 236. Let r = 979 + d. What are the prime factors of r?
2, 3, 7, 17
What are the prime factors of (459550/13)/5 + -1 + -9?
2, 5, 353
Let j(k) = 12*k + 1. Let c be j(-1). Let o be (c + 10)*5*-1. Suppose -o*g + 233 = 2*y + 2*y, 2*g = -y + 92. List the prime factors of g.
3, 5
Suppose -58 + 18 = -5*i - 5*z, i